late the remainder when 75579 is divided by 33.
9
What is the remainder when 334281 is divided by 167140?
1
Calculate the remainder when 357178 is divided by 1179.
1120
What is the remainder when 13321 is divided by 2?
1
What is the remainder when 1612 is divided by 393?
40
Calculate the remainder when 37703 is divided by 651.
596
What is the remainder when 158925 is divided by 347?
346
What is the remainder when 22031 is divided by 459?
458
What is the remainder when 605325 is divided by 16?
13
Calculate the remainder when 183086 is divided by 359.
355
Calculate the remainder when 2433 is divided by 238.
53
What is the remainder when 77376 is divided by 19304?
160
Calculate the remainder when 3052 is divided by 128.
108
What is the remainder when 24229 is divided by 1425?
4
What is the remainder when 685576 is divided by 1162?
1158
What is the remainder when 354 is divided by 81?
30
Calculate the remainder when 22198 is divided by 100.
98
What is the remainder when 2697 is divided by 271?
258
What is the remainder when 25434 is divided by 12715?
4
What is the remainder when 312005 is divided by 1500?
5
Calculate the remainder when 127168 is divided by 259.
258
What is the remainder when 1197 is divided by 577?
43
Calculate the remainder when 1197002 is divided by 53.
50
What is the remainder when 440510 is divided by 1181?
1178
What is the remainder when 20729 is divided by 55?
49
Calculate the remainder when 1772 is divided by 141.
80
Calculate the remainder when 14244 is divided by 7024.
196
Calculate the remainder when 78643 is divided by 232.
227
What is the remainder when 2222 is divided by 688?
158
What is the remainder when 204596 is divided by 145?
1
What is the remainder when 22409 is divided by 380?
369
What is the remainder when 329095 is divided by 511?
11
What is the remainder when 1169 is divided by 576?
17
Calculate the remainder when 170998 is divided by 1276.
14
Calculate the remainder when 1385 is divided by 318.
113
Calculate the remainder when 28444 is divided by 632.
4
Calculate the remainder when 116152 is divided by 85.
42
What is the remainder when 2311 is divided by 15?
1
What is the remainder when 16008 is divided by 86?
12
Calculate the remainder when 2101036 is divided by 1446.
1444
What is the remainder when 800 is divided by 1?
0
What is the remainder when 38846 is divided by 7767?
11
What is the remainder when 6971 is divided by 1602?
563
Calculate the remainder when 89580 is divided by 6398.
8
Calculate the remainder when 2717 is divided by 76.
57
What is the remainder when 52145 is divided by 383?
57
Calculate the remainder when 41978 is divided by 724.
710
Calculate the remainder when 12731 is divided by 52.
43
What is the remainder when 1618 is divided by 255?
88
Calculate the remainder when 42749 is divided by 4730.
179
What is the remainder when 277175 is divided by 86?
83
Calculate the remainder when 4506 is divided by 784.
586
What is the remainder when 1186 is divided by 134?
114
Calculate the remainder when 1698046 is divided by 64.
62
What is the remainder when 2539 is divided by 61?
38
What is the remainder when 846 is divided by 377?
92
Calculate the remainder when 9366 is divided by 1561.
0
Calculate the remainder when 1585 is divided by 6.
1
Calculate the remainder when 50805 is divided by 258.
237
Calculate the remainder when 293049 is divided by 654.
57
What is the remainder when 1448622 is divided by 183?
177
Calculate the remainder when 472865 is divided by 9457.
15
Calculate the remainder when 1018974 is divided by 92633.
11
Calculate the remainder when 19909 is divided by 2484.
37
What is the remainder when 888627 is divided by 40392?
3
Calculate the remainder when 80387 is divided by 319.
318
What is the remainder when 25780 is divided by 40?
20
What is the remainder when 860774 is divided by 193?
187
Calculate the remainder when 9360 is divided by 2917.
609
What is the remainder when 2979 is divided by 333?
315
Calculate the remainder when 142118 is divided by 418.
416
Calculate the remainder when 4427 is divided by 552.
11
What is the remainder when 108544 is divided by 1?
0
What is the remainder when 920815 is divided by 1013?
1011
Calculate the remainder when 4778 is divided by 1191.
14
Calculate the remainder when 346605 is divided by 13.
12
Calculate the remainder when 162143 is divided by 162130.
13
What is the remainder when 238938 is divided by 130?
128
What is the remainder when 3402 is divided by 8?
2
What is the remainder when 210635 is divided by 429?
425
What is the remainder when 109865 is divided by 13727?
49
What is the remainder when 3652 is divided by 192?
4
Calculate the remainder when 17393 is divided by 262.
101
Calculate the remainder when 20446 is divided by 127.
126
Calculate the remainder when 57079 is divided by 7131.
31
What is the remainder when 84959 is divided by 120?
119
What is the remainder when 40325 is divided by 412?
361
What is the remainder when 13215 is divided by 5?
0
Calculate the remainder when 47283 is divided by 245.
243
What is the remainder when 10154 is divided by 110?
34
What is the remainder when 11772 is divided by 2937?
24
What is the remainder when 6218 is divided by 1530?
98
Calculate the remainder when 57005 is divided by 228.
5
Calculate the remainder when 14276 is divided by 86.
0
Calculate the remainder when 20081 is divided by 1445.
1296
What is the remainder when 1896211 is divided by 46?
45
Calculate the remainder when 54315 is divided by 3.
0
What is the remainder when 2616 is divided by 82?
74
Calculate the remainder when 4023 is divided by 139.
131
What is the remainder when 36074 is divided by 1130?
1044
Calculate the remainder when 231977 is divided by 28.
25
Calculate the remainder when 18995 is divided by 4.
3
What is the remainder when 1896 is divided by 32?
8
Calculate the remainder when 804 is divided by 351.
102
What is the remainder when 9740 is divided by 84?
80
Calculate the remainder when 123000 is divided by 174.
156
What is the remainder when 13132 is divided by 937?
14
Calculate the remainder when 1705 is divided by 1046.
659
What is the remainder when 823 is divided by 109?
60
Calculate the remainder when 49699 is divided by 175.
174
What is the remainder when 253631 is divided by 1031?
5
What is the remainder when 16981 is divided by 7?
6
Calculate the remainder when 133953 is divided by 42.
15
Calculate the remainder when 94037 is divided by 8.
5
Calculate the remainder when 68793 is divided by 7639.
42
What is the remainder when 7407 is divided by 80?
47
What is the remainder when 76989 is divided by 76964?
25
What is the remainder when 116400 is divided by 121?
119
What is the remainder when 3306 is divided by 77?
72
What is the remainder when 78495 is divided by 44?
43
Calculate the remainder when 6847 is divided by 6788.
59
Calculate the remainder when 2441 is divided by 65.
36
Calculate the remainder when 3286397 is divided by 10.
7
Calculate the remainder when 2941 is divided by 559.
146
Calculate the remainder when 723 is divided by 628.
95
What is the remainder when 16960 is divided by 678?
10
What is the remainder when 274 is divided by 149?
125
What is the remainder when 787 is divided by 130?
7
What is the remainder when 12838 is divided by 273?
7
What is the remainder when 4029 is divided by 1005?
9
What is the remainder when 19251 is divided by 88?
67
What is the remainder when 18129 is divided by 1783?
299
Calculate the remainder when 16341 is divided by 3975.
441
Calculate the remainder when 357 is divided by 175.
7
Calculate the remainder when 335521 is divided by 702.
667
Calculate the remainder when 4713 is divided by 469.
23
Calculate the remainder when 6132 is divided by 6130.
2
What is the remainder when 25089 is divided by 50?
39
Calculate the remainder when 3762 is divided by 457.
106
What is the remainder when 134954 is divided by 304?
282
Calculate the remainder when 2125893 is divided by 175.
168
Calculate the remainder when 15102 is divided by 146.
64
Calculate the remainder when 3725 is divided by 3428.
297
Calculate the remainder when 4110 is divided by 217.
204
Calculate the remainder when 597059 is divided by 642.
641
What is the remainder when 5686 is divided by 54?
16
Calc